{"id":2,"date":"2018-10-18T18:05:02","date_gmt":"2018-10-18T18:05:02","guid":{"rendered":"https:\/\/deneigementbouchard.com\/?page_id=2"},"modified":"2019-12-12T11:26:47","modified_gmt":"2019-12-12T16:26:47","slug":"accueil","status":"publish","type":"page","link":"https:\/\/deneigementbouchard.com\/","title":{"rendered":"D\u00e9neigement Bouchard"},"content":{"rendered":"<p>Nous offrons le service de d\u00e9neigement commercial dans les secteurs de Sainte-Foy, Sillery, Cap-Rouge ainsi que Saint-Augustin-de-Desmaures. Nous offrons un d\u00e9neigement de qualit\u00e9, le plus rapidement possible et ce, 24h sur 24h, 7 jours sur 7. L&#8217;\u00e9quipe de D\u00e9neigement Bouchard s&#8217;assure d&#8217;offrir \u00e0 ses clients un service personnalis\u00e9, selon leurs besoins.<\/p>\n\n\n<div class=\"alignnormal\"><div id=\"metaslider-id-78\" style=\"max-width: 700px; margin: 0 auto;\" class=\"ml-slider-3-24-0 metaslider metaslider-nivo metaslider-78 ml-slider\">\n    <div id=\"metaslider_container_78\">\n        <div class='slider-wrapper theme-default'><div class='ribbon'><\/div><div id='metaslider_78' class='nivoSlider'><img src=\"https:\/\/deneigementbouchard.com\/wp-content\/uploads\/2018\/11\/IMG_3441-700x300.jpg\" height=\"300\" width=\"700\" title=\"IMG_3441\" alt=\"\" class=\"slider-78 slide-84\" \/><img src=\"https:\/\/deneigementbouchard.com\/wp-content\/uploads\/2018\/11\/IMG_0782-700x300.jpg\" height=\"300\" width=\"700\" title=\"IMG_0782\" alt=\"\" class=\"slider-78 slide-83\" \/><img src=\"https:\/\/deneigementbouchard.com\/wp-content\/uploads\/2018\/11\/IMG_3439-700x300.jpg\" height=\"300\" width=\"700\" title=\"IMG_3439\" alt=\"\" class=\"slider-78 slide-87\" \/><img src=\"https:\/\/deneigementbouchard.com\/wp-content\/uploads\/2018\/11\/IMG_0827-700x300.jpg\" height=\"300\" width=\"700\" title=\"IMG_0827\" alt=\"\" class=\"slider-78 slide-104\" \/><img src=\"https:\/\/deneigementbouchard.com\/wp-content\/uploads\/2018\/11\/IMG_0322-700x300.jpg\" height=\"300\" width=\"700\" title=\"IMG_0322\" alt=\"\" class=\"slider-78 slide-85\" \/><img src=\"https:\/\/deneigementbouchard.com\/wp-content\/uploads\/2018\/11\/Tracteur-fond-ciel-700x300.png\" height=\"300\" width=\"700\" title=\"Tracteur fond ciel\" alt=\"\" class=\"slider-78 slide-86\" \/><img src=\"https:\/\/deneigementbouchard.com\/wp-content\/uploads\/2018\/11\/IMG_0830-700x300.jpg\" height=\"300\" width=\"700\" title=\"IMG_0830\" alt=\"\" class=\"slider-78 slide-103\" \/><\/div><\/div>\n        \n    <\/div>\n<\/div><\/div>\n","protected":false},"excerpt":{"rendered":"<p>Nous offrons le service de d\u00e9neigement commercial dans les secteurs de Sainte-Foy, Sillery, Cap-Rouge ainsi que Saint-Augustin-de-Desmaures. Nous offrons un d\u00e9neigement de qualit\u00e9, le plus rapidement possible et ce, 24h sur 24h, 7 jours sur 7. L&#8217;\u00e9quipe de D\u00e9neigement Bouchard s&#8217;assure d&#8217;offrir \u00e0 ses clients un service personnalis\u00e9, selon leurs besoins.<\/p>\n","protected":false},"author":1,"featured_media":42,"parent":0,"menu_order":0,"comment_status":"closed","ping_status":"closed","template":"","meta":[],"_links":{"self":[{"href":"https:\/\/deneigementbouchard.com\/index.php?rest_route=\/wp\/v2\/pages\/2"}],"collection":[{"href":"https:\/\/deneigementbouchard.com\/index.php?rest_route=\/wp\/v2\/pages"}],"about":[{"href":"https:\/\/deneigementbouchard.com\/index.php?rest_route=\/wp\/v2\/types\/page"}],"author":[{"embeddable":true,"href":"https:\/\/deneigementbouchard.com\/index.php?rest_route=\/wp\/v2\/users\/1"}],"replies":[{"embeddable":true,"href":"https:\/\/deneigementbouchard.com\/index.php?rest_route=%2Fwp%2Fv2%2Fcomments&post=2"}],"version-history":[{"count":10,"href":"https:\/\/deneigementbouchard.com\/index.php?rest_route=\/wp\/v2\/pages\/2\/revisions"}],"predecessor-version":[{"id":114,"href":"https:\/\/deneigementbouchard.com\/index.php?rest_route=\/wp\/v2\/pages\/2\/revisions\/114"}],"wp:featuredmedia":[{"embeddable":true,"href":"https:\/\/deneigementbouchard.com\/index.php?rest_route=\/wp\/v2\/media\/42"}],"wp:attachment":[{"href":"https:\/\/deneigementbouchard.com\/index.php?rest_route=%2Fwp%2Fv2%2Fmedia&parent=2"}],"curies":[{"name":"wp","href":"https:\/\/api.w.org\/{rel}","templated":true}]}}