{"id":41,"date":"2018-11-09T15:24:45","date_gmt":"2018-11-09T20:24:45","guid":{"rendered":"https:\/\/deneigementbouchard.com\/?page_id=41"},"modified":"2018-11-09T15:24:45","modified_gmt":"2018-11-09T20:24:45","slug":"nous-joindre","status":"publish","type":"page","link":"https:\/\/deneigementbouchard.com\/?page_id=41","title":{"rendered":"Nous joindre"},"content":{"rendered":"<p>T\u00e9l: 418-651-6600<br \/>\nFax: 418-651-9600<\/p>\n<p>7590, boul. Wilfrid-Hamel<br \/>\nQu\u00e9bec (Qu\u00e9bec) G2G 1C1<\/p>\n<p><iframe loading=\"lazy\" src=\"https:\/\/www.google.com\/maps\/embed?pb=!1m18!1m12!1m3!1d2732.5159240636603!2d-71.37887834845539!3d46.774437379035824!2m3!1f0!2f0!3f0!3m2!1i1024!2i768!4f13.1!3m3!1m2!1s0x4cb89a109f852a2f%3A0x44dd79ee1a0f62fd!2s7590+Boulevard+Wilfrid-Hamel%2C+Qu%C3%A9bec%2C+QC+G2G+1C1!5e0!3m2!1sfr!2sca!4v1541794918715\" width=\"600\" height=\"450\" frameborder=\"0\" style=\"border:0\" allowfullscreen><\/iframe><\/p>\n","protected":false},"excerpt":{"rendered":"<p>T\u00e9l: 418-651-6600 Fax: 418-651-9600 7590, boul. Wilfrid-Hamel Qu\u00e9bec (Qu\u00e9bec) G2G 1C1<\/p>\n","protected":false},"author":1,"featured_media":0,"parent":0,"menu_order":0,"comment_status":"closed","ping_status":"closed","template":"","meta":[],"_links":{"self":[{"href":"https:\/\/deneigementbouchard.com\/index.php?rest_route=\/wp\/v2\/pages\/41"}],"collection":[{"href":"https:\/\/deneigementbouchard.com\/index.php?rest_route=\/wp\/v2\/pages"}],"about":[{"href":"https:\/\/deneigementbouchard.com\/index.php?rest_route=\/wp\/v2\/types\/page"}],"author":[{"embeddable":true,"href":"https:\/\/deneigementbouchard.com\/index.php?rest_route=\/wp\/v2\/users\/1"}],"replies":[{"embeddable":true,"href":"https:\/\/deneigementbouchard.com\/index.php?rest_route=%2Fwp%2Fv2%2Fcomments&post=41"}],"version-history":[{"count":3,"href":"https:\/\/deneigementbouchard.com\/index.php?rest_route=\/wp\/v2\/pages\/41\/revisions"}],"predecessor-version":[{"id":46,"href":"https:\/\/deneigementbouchard.com\/index.php?rest_route=\/wp\/v2\/pages\/41\/revisions\/46"}],"wp:attachment":[{"href":"https:\/\/deneigementbouchard.com\/index.php?rest_route=%2Fwp%2Fv2%2Fmedia&parent=41"}],"curies":[{"name":"wp","href":"https:\/\/api.w.org\/{rel}","templated":true}]}}